ousands digit of 6988054?
8
What is the hundred thousands digit of 1748780?
7
What is the thousands digit of 3686359?
6
What is the hundred thousands digit of 729509?
7
What is the hundreds digit of 6758729?
7
What is the units digit of 8569654?
4
What is the thousands digit of 3454615?
4
What is the millions digit of 20663951?
0
What is the hundreds digit of 338077?
0
What is the hundreds digit of 3234599?
5
What is the hundreds digit of 1447668?
6
What is the hundred thousands digit of 6956291?
9
What is the tens digit of 14370243?
4
What is the hundreds digit of 2781134?
1
What is the hundred thousands digit of 7042361?
0
What is the tens digit of 951896?
9
What is the hundreds digit of 54702?
7
What is the hundreds digit of 2537395?
3
What is the units digit of 446058?
8
What is the thousands digit of 2620847?
0
What is the millions digit of 3202365?
3
What is the thousands digit of 27546632?
6
What is the millions digit of 2039346?
2
What is the tens digit of 3183436?
3
What is the tens digit of 1789801?
0
What is the hundreds digit of 14122554?
5
What is the hundred thousands digit of 756187?
7
What is the ten millions digit of 11413949?
1
What is the hundred thousands digit of 610550?
6
What is the thousands digit of 143085?
3
What is the thousands digit of 1184768?
4
What is the ten thousands digit of 1451383?
5
What is the hundreds digit of 6344903?
9
What is the tens digit of 17373323?
2
What is the tens digit of 136824?
2
What is the ten thousands digit of 125138?
2
What is the tens digit of 335126?
2
What is the hundred thousands digit of 707112?
7
What is the hundreds digit of 1361611?
6
What is the ten thousands digit of 534760?
3
What is the ten thousands digit of 11145160?
4
What is the hundred thousands digit of 543035?
5
What is the units digit of 118518?
8
What is the millions digit of 1734573?
1
What is the thousands digit of 9610213?
0
What is the ten thousands digit of 5965060?
6
What is the units digit of 2897836?
6
What is the units digit of 82295?
5
What is the tens digit of 86?
8
What is the millions digit of 4416710?
4
What is the units digit of 27009102?
2
What is the ten thousands digit of 1976615?
7
What is the units digit of 22743926?
6
What is the hundred thousands digit of 17720172?
7
What is the hundred thousands digit of 152540?
1
What is the millions digit of 13262310?
3
What is the hundred thousands digit of 14771843?
7
What is the hundred thousands digit of 1219349?
2
What is the hundreds digit of 21938681?
6
What is the hundred thousands digit of 1415048?
4
What is the tens digit of 261649?
4
What is the ten thousands digit of 831105?
3
What is the ten millions digit of 23066213?
2
What is the ten millions digit of 20854386?
2
What is the units digit of 114375?
5
What is the millions digit of 2692626?
2
What is the units digit of 11696238?
8
What is the hundred thousands digit of 5706200?
7
What is the ten thousands digit of 8786436?
8
What is the units digit of 20203?
3
What is the hundreds digit of 1735836?
8
What is the hundreds digit of 23773?
7
What is the hundreds digit of 2086695?
6
What is the units digit of 154690?
0
What is the thousands digit of 22841871?
1
What is the tens digit of 1063748?
4
What is the tens digit of 6435156?
5
What is the tens digit of 11294690?
9
What is the tens digit of 279984?
8
What is the hundreds digit of 12267266?
2
What is the units digit of 7321090?
0
What is the units digit of 431228?
8
What is the units digit of 33539?
9
What is the hundred thousands digit of 24337906?
3
What is the millions digit of 34411442?
4
What is the ten millions digit of 20525311?
2
What is the hundred thousands digit of 7145724?
1
What is the thousands digit of 262343?
2
What is the thousands digit of 2627007?
7
What is the tens digit of 352723?
2
What is the hundred thousands digit of 16337986?
3
What is the tens digit of 5965949?
4
What is the tens digit of 6332311?
1
What is the thousands digit of 1865312?
5
What is the millions digit of 1876729?
1
What is the tens digit of 2381868?
6
What is the ten thousands digit of 5402596?
0
What is the ten thousands digit of 16669918?
6
What is the units digit of 6416?
6
What is the hundreds digit of 254275?
2
What is the millions digit of 5013517?
5
What is the tens digit of 2389540?
4
What is the ten thousands digit of 6363142?
6
What is the hundred thousands digit of 1493621?
4
What is the units digit of 54789?
9
What is the hundreds digit of 163604?
6
What is the ten thousands digit of 2969922?
6
What is the thousands digit of 157294?
7
What is the ten millions digit of 26689058?
2
What is the hundreds digit of 252201?
2
What is the tens digit of 2409749?
4
What is the hundred thousands digit of 3958158?
9
What is the hundred thousands digit of 222555?
2
What is the thousands digit of 923638?
3
What is the hundreds digit of 1821389?
3
What is the thousands digit of 68112?
8
What is the thousands digit of 1708?
1
What is the hundred thousands digit of 4822034?
8
What is the units digit of 957833?
3
What is the units digit of 2201711?
1
What is the hundreds digit of 600715?
7
What is the hundred thousands digit of 266758?
2
What is the thousands digit of 212383?
2
What is the hundreds digit of 4743579?
5
What is the millions digit of 3050546?
3
What is the hundred thousands digit of 152822?
1
What is the ten thousands digit of 179138?
7
What is the ten thousands digit of 2372557?
7
What is the ten thousands digit of 77164?
7
What is the hundreds digit of 7216522?
5
What is the tens digit of 4716863?
6
What is the tens digit of 161221?
2
What is the ten thousands digit of 586255?
8
What is the hundreds digit of 194694?
6
What is the units digit of 19089816?
6
What is the ten thousands digit of 204881?
0
What is the units digit of 131297?
7
What is the millions digit of 5405288?
5
What is the thousands digit of 614204?
4
What is the tens digit of 2054078?
7
What is the hundreds digit of 108451?
4
What is the hundred thousands digit of 145705?
1
What is the tens digit of 1735066?
6
What is the ten thousands digit of 223366?
2
What is the thousands digit of 239586?
9
What is the thousands digit of 81305?
1
What is the thousands digit of 3883426?
3
What is the thousands digit of 3220891?
0
What is the tens digit of 90330?
3
What is the hundred thousands digit of 21337922?
3
What is the hundreds digit of 2808143?
1
What is the ten thousands digit of 419633?
1
What is the tens digit of 6385067?
6
What is the ten thousands digit of 17411233?
1
What is the hundreds digit of 360814?
8
What is the units digit of 922229?
9
What is the thousands digit of 77731?
7
What is the tens digit of 533203?
0
What is the ten thousands digit of 848411?
4
What is the hundreds digit of 846160?
1
What is the ten thousands digit of 13875456?
7
What is the thousands digit of 2267894?
7
What is the millions digit of 5592962?
5
What is the millions digit of 1586512?
1
What is the millions digit of 3450466?
3
What is the thousands digit of 16903932?
3
What is the hundreds digit of 13199?
1
What is the thousands digit of 112383?
2
What is the hundreds digit of 703919?
9
What is the units digit of 29748334?
4
What is the ten thousands digit of 2095119?
9
What is the thousands digit of 5912052?
2
What is the hundreds digit of 6974502?
5
What is the hundreds digit of 1594695?
6
What is the tens digit of 134688?
8
What is the tens digit of 11696210?
1
What is the units digit of 4678553?
3
What is the units digit of 6292609?
9
What is the units digit of 372813?
3
What is the hundred thousands digit of 687927?
6
What is the units digit of 245072?
2
What is the units digit of 345655?
5
What is the tens digit of 1729092?
9
What is the hundred thousands digit of 3660732?
6
What is the hundreds digit of 8851827?
8
What is the units digit of 8773592?
2
What is the hundreds digit of 562400?
4
What is the thousands digit of 479693?
9
What is the thousands digit of 231586?
1
What is the hundred thousands digit of 31258389?
2
What is the ten thousands digit of 1043760?
4
What is the ten millions digit of 15956282?
1
What is the thousands digit of 259070?
9
What is the tens digit of 241531?
3
What is the tens digit of 523128?
2
What is the thousands digit of 23804980?
4
What is the tens 